{"id":101,"date":"2024-07-10T09:01:17","date_gmt":"2024-07-10T09:01:17","guid":{"rendered":"https:\/\/ldpbwebdesigner.com\/?page_id=101"},"modified":"2024-07-10T21:24:21","modified_gmt":"2024-07-10T21:24:21","slug":"prestations-ia","status":"publish","type":"page","link":"https:\/\/ldpbwebdesigner.com\/index.php\/prestations-ia\/","title":{"rendered":"Prestations IA"},"content":{"rendered":"\t\t<div data-elementor-type=\"wp-page\" data-elementor-id=\"101\" class=\"elementor elementor-101\" data-elementor-post-type=\"page\">\n\t\t\t\t<div class=\"elementor-element elementor-element-fd47a6e e-flex e-con-boxed e-con e-parent\" data-id=\"fd47a6e\" data-element_type=\"container\" data-settings=\"{&quot;background_background&quot;:&quot;classic&quot;}\">\n\t\t\t\t\t<div class=\"e-con-inner\">\n\t\t\t\t<div class=\"elementor-element elementor-element-3c622b2 elementor-widget elementor-widget-heading\" data-id=\"3c622b2\" data-element_type=\"widget\" data-widget_type=\"heading.default\">\n\t\t\t\t<div class=\"elementor-widget-container\">\n\t\t\t\t\t<h2 class=\"elementor-heading-title elementor-size-default\">Nos prestations IA<\/h2>\t\t\t\t<\/div>\n\t\t\t\t<\/div>\n\t\t\t\t\t<\/div>\n\t\t\t\t<\/div>\n\t\t<div class=\"elementor-element elementor-element-f02adb5 e-flex e-con-boxed e-con e-parent\" data-id=\"f02adb5\" data-element_type=\"container\">\n\t\t\t\t\t<div class=\"e-con-inner\">\n\t\t\t\t<div class=\"elementor-element elementor-element-2b02cae elementor-widget elementor-widget-text-editor\" data-id=\"2b02cae\" data-element_type=\"widget\" data-widget_type=\"text-editor.default\">\n\t\t\t\t<div class=\"elementor-widget-container\">\n\t\t\t\t\t\t\t\t\t<h2>\u00a0<\/h2><h2 style=\"text-align: center;\">Nos services d&rsquo;IA visent \u00e0 r\u00e9volutionner votre approche marketing en exploitant la puissance de l&rsquo;intelligence artificielle. Nous int\u00e9grons des technologies de pointe pour optimiser vos campagnes, personnaliser l&rsquo;exp\u00e9rience client et vous donner un avantage concurrentiel d\u00e9cisif.<\/h2><p class=\"whitespace-pre-wrap break-words\"><strong>Prestations IA et leurs avantages moyens :<\/strong><\/p><ol class=\"-mt-1 list-decimal space-y-2 pl-8\"><li class=\"whitespace-normal break-words\"><span style=\"text-decoration: underline;\">Analyse pr\u00e9dictive des tendances du march\u00e9<\/span>: En moyenne, l&rsquo;analyse pr\u00e9dictive<strong> am\u00e9liore la pr\u00e9cision des pr\u00e9visions de vente de 15 \u00e0 25%<\/strong>.<\/li><li class=\"whitespace-normal break-words\"><span style=\"text-decoration: underline;\">Personnalisation avanc\u00e9e du contenu<\/span>: La personnalisation bas\u00e9e sur l&rsquo;IA <strong>augmente g\u00e9n\u00e9ralement les taux de conversion de 10 \u00e0 20%<\/strong>.<\/li><li class=\"whitespace-normal break-words\"><span style=\"text-decoration: underline;\">Optimisation des campagnes publicitaires par IA<\/span>: L&rsquo;optimisation IA des campagnes peut <strong>r\u00e9duire le co\u00fbt par acquisition de 10 \u00e0 15%<\/strong> en moyenne.<\/li><li class=\"whitespace-normal break-words\"><span style=\"text-decoration: underline;\">Chatbots intelligents<\/span>: L&rsquo;impl\u00e9mentation de chatbots IA <strong>am\u00e9liore typiquement le taux de satisfaction client de 15 \u00e0 25% et r\u00e9duit le temps de r\u00e9ponse de 30 \u00e0 40%.<\/strong><\/li><li class=\"whitespace-normal break-words\"><span style=\"text-decoration: underline;\">Analyse de sentiment<\/span>: L&rsquo;analyse de sentiment par IA permet d&rsquo;<strong>identifier 20 \u00e0 30% plus d&rsquo;insights<\/strong> client pertinents par rapport aux m\u00e9thodes traditionnelles.<\/li><li class=\"whitespace-normal break-words\"><span style=\"text-decoration: underline;\">G\u00e9n\u00e9ration de contenu assist\u00e9e par IA<\/span>: La g\u00e9n\u00e9ration de contenu assist\u00e9e par IA peut <strong>augmenter la productivit\u00e9 des \u00e9quipes de cr\u00e9ation de contenu de 25 \u00e0 35%<\/strong>.<\/li><li class=\"whitespace-normal break-words\"><span style=\"text-decoration: underline;\">Segmentation client avanc\u00e9e<\/span>: La segmentation client bas\u00e9e sur l&rsquo;IA <strong>am\u00e9liore en moyenne l&rsquo;efficacit\u00e9 des campagnes marketing de 15 \u00e0 25%.<\/strong><\/li><li class=\"whitespace-normal break-words\"><span style=\"text-decoration: underline;\">Pr\u00e9vision des ventes et de la demande<\/span>: Les mod\u00e8les IA de pr\u00e9vision des ventes<strong> r\u00e9duisent g\u00e9n\u00e9ralement les erreurs de pr\u00e9vision de 20 \u00e0 30%<\/strong>.<\/li><li class=\"whitespace-normal break-words\"><span style=\"text-decoration: underline;\">Optimisation des prix dynamiques<\/span>: L&rsquo;optimisation dynamique des prix par IA peut <strong>augmenter les marges de 5 \u00e0 10%<\/strong> en moyenne.<\/li><li class=\"whitespace-normal break-words\"><span style=\"text-decoration: underline;\">Analyse visuelle pour le marketing<\/span>: L&rsquo;analyse visuelle par IA <strong>am\u00e9liore l&rsquo;efficacit\u00e9 des campagnes visuelles de 10 \u00e0 20%<\/strong>.<\/li><li class=\"whitespace-normal break-words\"><span style=\"text-decoration: underline;\">Automatisation du marketing<\/span>: L&rsquo;automatisation marketing bas\u00e9e sur l&rsquo;IA peut <strong>augmenter la productivit\u00e9 des \u00e9quipes marketing de 20 \u00e0 30%<\/strong>.<\/li><li class=\"whitespace-normal break-words\"><span style=\"text-decoration: underline;\">Analyse pr\u00e9dictive du comportement client<\/span>: Les mod\u00e8les pr\u00e9dictifs de comportement client <strong>am\u00e9liorent g\u00e9n\u00e9ralement les taux de r\u00e9tention de 10 \u00e0 15%<\/strong>.<\/li><\/ol>\t\t\t\t\t\t\t\t<\/div>\n\t\t\t\t<\/div>\n\t\t\t\t\t<\/div>\n\t\t\t\t<\/div>\n\t\t<div class=\"elementor-element elementor-element-4b0803d e-flex e-con-boxed e-con e-parent\" data-id=\"4b0803d\" data-element_type=\"container\" data-settings=\"{&quot;background_background&quot;:&quot;classic&quot;}\">\n\t\t\t\t\t<div class=\"e-con-inner\">\n\t\t\t\t<div class=\"elementor-element elementor-element-a6787ea elementor-widget elementor-widget-text-editor\" data-id=\"a6787ea\" data-element_type=\"widget\" data-widget_type=\"text-editor.default\">\n\t\t\t\t<div class=\"elementor-widget-container\">\n\t\t\t\t\t\t\t\t\t<p>\u00ab\u00a0Ces chiffres repr\u00e9sentent des moyennes observ\u00e9es chez nos clients sur une p\u00e9riode de 3 \u00e0 6 mois apr\u00e8s l&rsquo;impl\u00e9mentation des solutions IA. Les r\u00e9sultats peuvent varier en fonction de votre secteur d&rsquo;activit\u00e9, de la qualit\u00e9 de vos donn\u00e9es existantes et de la complexit\u00e9 de vos processus actuels. Notre approche en IA est toujours adapt\u00e9e \u00e0 vos objectifs sp\u00e9cifiques et \u00e0 la maturit\u00e9 digitale de votre entreprise.\u00a0\u00bb<\/p>\t\t\t\t\t\t\t\t<\/div>\n\t\t\t\t<\/div>\n\t\t\t\t\t<\/div>\n\t\t\t\t<\/div>\n\t\t\t\t<\/div>\n\t\t","protected":false},"excerpt":{"rendered":"<p>Nos prestations IA \u00a0 Nos services d&rsquo;IA visent \u00e0 r\u00e9volutionner votre approche marketing en exploitant la puissance de l&rsquo;intelligence artificielle. Nous int\u00e9grons des technologies de pointe pour optimiser vos campagnes, personnaliser l&rsquo;exp\u00e9rience client et vous donner un avantage concurrentiel d\u00e9cisif. Prestations IA et leurs avantages moyens : Analyse pr\u00e9dictive des tendances du march\u00e9: En moyenne, [&hellip;]<\/p>\n","protected":false},"author":1,"featured_media":0,"parent":0,"menu_order":0,"comment_status":"closed","ping_status":"closed","template":"","meta":{"_seopress_robots_primary_cat":"","_seopress_titles_title":"","_seopress_titles_desc":"","_seopress_robots_index":"","_gspb_post_css":"","footnotes":""},"class_list":["post-101","page","type-page","status-publish","hentry"],"_links":{"self":[{"href":"https:\/\/ldpbwebdesigner.com\/index.php\/wp-json\/wp\/v2\/pages\/101","targetHints":{"allow":["GET"]}}],"collection":[{"href":"https:\/\/ldpbwebdesigner.com\/index.php\/wp-json\/wp\/v2\/pages"}],"about":[{"href":"https:\/\/ldpbwebdesigner.com\/index.php\/wp-json\/wp\/v2\/types\/page"}],"author":[{"embeddable":true,"href":"https:\/\/ldpbwebdesigner.com\/index.php\/wp-json\/wp\/v2\/users\/1"}],"replies":[{"embeddable":true,"href":"https:\/\/ldpbwebdesigner.com\/index.php\/wp-json\/wp\/v2\/comments?post=101"}],"version-history":[{"count":7,"href":"https:\/\/ldpbwebdesigner.com\/index.php\/wp-json\/wp\/v2\/pages\/101\/revisions"}],"predecessor-version":[{"id":267,"href":"https:\/\/ldpbwebdesigner.com\/index.php\/wp-json\/wp\/v2\/pages\/101\/revisions\/267"}],"wp:attachment":[{"href":"https:\/\/ldpbwebdesigner.com\/index.php\/wp-json\/wp\/v2\/media?parent=101"}],"curies":[{"name":"wp","href":"https:\/\/api.w.org\/{rel}","templated":true}]}}