{"id":103,"date":"2024-07-10T09:05:57","date_gmt":"2024-07-10T09:05:57","guid":{"rendered":"https:\/\/ldpbwebdesigner.com\/?page_id=103"},"modified":"2024-07-10T20:12:42","modified_gmt":"2024-07-10T20:12:42","slug":"prestations-sea","status":"publish","type":"page","link":"https:\/\/ldpbwebdesigner.com\/index.php\/prestations-sea\/","title":{"rendered":"Prestations SEA"},"content":{"rendered":"\t\t<div data-elementor-type=\"wp-page\" data-elementor-id=\"103\" class=\"elementor elementor-103\" data-elementor-post-type=\"page\">\n\t\t\t\t<div class=\"elementor-element elementor-element-20bb94a e-flex e-con-boxed e-con e-parent\" data-id=\"20bb94a\" data-element_type=\"container\" data-settings=\"{&quot;background_background&quot;:&quot;classic&quot;}\">\n\t\t\t\t\t<div class=\"e-con-inner\">\n\t\t\t\t<div class=\"elementor-element elementor-element-e6dab6e elementor-widget elementor-widget-heading\" data-id=\"e6dab6e\" data-element_type=\"widget\" data-widget_type=\"heading.default\">\n\t\t\t\t<div class=\"elementor-widget-container\">\n\t\t\t\t\t<h2 class=\"elementor-heading-title elementor-size-default\">Nos prestations SEA<\/h2>\t\t\t\t<\/div>\n\t\t\t\t<\/div>\n\t\t\t\t\t<\/div>\n\t\t\t\t<\/div>\n\t\t<div class=\"elementor-element elementor-element-d1730ca e-flex e-con-boxed e-con e-parent\" data-id=\"d1730ca\" data-element_type=\"container\">\n\t\t\t\t\t<div class=\"e-con-inner\">\n\t\t\t\t<div class=\"elementor-element elementor-element-31d858c elementor-widget elementor-widget-text-editor\" data-id=\"31d858c\" data-element_type=\"widget\" data-widget_type=\"text-editor.default\">\n\t\t\t\t<div class=\"elementor-widget-container\">\n\t\t\t\t\t\t\t\t\t<h2>\u00a0<\/h2><h2 class=\"whitespace-pre-wrap break-words\" style=\"text-align: center;\">Nos prestations SEA (Search Engine Advertising) visent \u00e0 optimiser votre visibilit\u00e9 en ligne et \u00e0 g\u00e9n\u00e9rer un retour sur investissement positif. Notre \u00e9quipe d&rsquo;experts en publicit\u00e9 digitale \u00e9labore des strat\u00e9gies adapt\u00e9es \u00e0 vos objectifs commerciaux, quelle que soit la taille de votre entreprise.<\/h2><p class=\"whitespace-pre-wrap break-words\"><strong>Prestations SEA et leurs avantages :<\/strong><\/p><ol class=\"-mt-1 list-decimal space-y-2 pl-8\"><li class=\"whitespace-normal break-words\"><span style=\"text-decoration: underline;\">Audit de comptes publicitaires<\/span>: En moyenne, nos audits identifient des \u00e9conomies potentielles de <strong>10 \u00e0 15%<\/strong> <strong>du budget publicitaire<\/strong>.<\/li><li class=\"whitespace-normal break-words\"><span style=\"text-decoration: underline;\">Cr\u00e9ation et structuration de campagnes<\/span>: Une structure de compte optimis\u00e9e am\u00e9liore g\u00e9n\u00e9ralement l<strong>e taux de clics (CTR) de 15 \u00e0 25%<\/strong>.<\/li><li class=\"whitespace-normal break-words\"><span style=\"text-decoration: underline;\">R\u00e9daction d&rsquo;annonces performantes<\/span>: Des annonces bien r\u00e9dig\u00e9es augmentent en moyenne <strong>le CTR de 5 \u00e0 10% et peuvent r\u00e9duire le co\u00fbt par clic (CPC) de 2 \u00e0 4%<\/strong>.<\/li><li class=\"whitespace-normal break-words\"><span style=\"text-decoration: underline;\">Gestion des ench\u00e8res<\/span>: Une gestion efficace des ench\u00e8res r\u00e9duit typiquement <strong>le CPC de 5 \u00e0 10% tout en maintenant la position des annonces<\/strong>.<\/li><li class=\"whitespace-normal break-words\"><span style=\"text-decoration: underline;\">Optimisation des landing pages<\/span>: Des landing pages optimis\u00e9es augmentent en moyenne <strong>le taux de conversion de 20 \u00e0 30%<\/strong>.<\/li><li class=\"whitespace-normal break-words\"><span style=\"text-decoration: underline;\">Suivi et optimisation continue<\/span>:\u00a0Un suivi r\u00e9gulier am\u00e9liore g\u00e9n\u00e9ralement <strong>le retour sur investissement (ROI) de 10 \u00e0 15% sur une p\u00e9riode de 3 \u00e0 6 mois<\/strong>.<\/li><li class=\"whitespace-normal break-words\"><span style=\"text-decoration: underline;\">Remarketing et RLSA<\/span>: Les campagnes de remarketing augmentent en moyenne l<strong>es taux de conversion de 30 \u00e0 40% par rapport aux annonces standard<\/strong>.<\/li><li class=\"whitespace-normal break-words\"><strong>Campagnes Shopping<\/strong>: Les annonces Shopping g\u00e9n\u00e8rent typiquement un <strong>taux de clic 10 \u00e0 15% sup\u00e9rieur<\/strong> aux annonces textuelles classiques.<\/li><li class=\"whitespace-normal break-words\"><span style=\"text-decoration: underline;\">Publicit\u00e9 sur les r\u00e9seaux sociaux<\/span>: Les publicit\u00e9s sur les r\u00e9seaux sociaux peuvent augmenter <strong>la notori\u00e9t\u00e9 de la marque de 20 \u00e0 30% en 3 mois<\/strong>.<\/li><li class=\"whitespace-normal break-words\"><span style=\"text-decoration: underline;\">Rapports de performance<\/span>: Des rapports d\u00e9taill\u00e9s aident g\u00e9n\u00e9ralement \u00e0 identifier des opportunit\u00e9s d&rsquo;am\u00e9lioration qui <strong>augmentent le ROI de 5 \u00e0 10%<\/strong>.<\/li><\/ol>\t\t\t\t\t\t\t\t<\/div>\n\t\t\t\t<\/div>\n\t\t\t\t\t<\/div>\n\t\t\t\t<\/div>\n\t\t<div class=\"elementor-element elementor-element-d45697d e-flex e-con-boxed e-con e-parent\" data-id=\"d45697d\" data-element_type=\"container\" data-settings=\"{&quot;background_background&quot;:&quot;classic&quot;}\">\n\t\t\t\t\t<div class=\"e-con-inner\">\n\t\t\t\t<div class=\"elementor-element elementor-element-2ad30b2 elementor-widget elementor-widget-text-editor\" data-id=\"2ad30b2\" data-element_type=\"widget\" data-widget_type=\"text-editor.default\">\n\t\t\t\t<div class=\"elementor-widget-container\">\n\t\t\t\t\t\t\t\t\t<p style=\"text-align: center;\">\u00ab\u00a0Ces chiffres repr\u00e9sentent des moyennes observ\u00e9es chez nos clients. Les r\u00e9sultats peuvent varier selon votre secteur d&rsquo;activit\u00e9, votre march\u00e9 cible et d&rsquo;autres facteurs sp\u00e9cifiques \u00e0 votre entreprise. Notre objectif est d&rsquo;optimiser continuellement vos campagnes pour une croissance stable et durable.\u00a0\u00bb<\/p>\t\t\t\t\t\t\t\t<\/div>\n\t\t\t\t<\/div>\n\t\t\t\t\t<\/div>\n\t\t\t\t<\/div>\n\t\t\t\t<\/div>\n\t\t","protected":false},"excerpt":{"rendered":"<p>Nos prestations SEA \u00a0 Nos prestations SEA (Search Engine Advertising) visent \u00e0 optimiser votre visibilit\u00e9 en ligne et \u00e0 g\u00e9n\u00e9rer un retour sur investissement positif. Notre \u00e9quipe d&rsquo;experts en publicit\u00e9 digitale \u00e9labore des strat\u00e9gies adapt\u00e9es \u00e0 vos objectifs commerciaux, quelle que soit la taille de votre entreprise. Prestations SEA et leurs avantages : Audit de [&hellip;]<\/p>\n","protected":false},"author":1,"featured_media":0,"parent":0,"menu_order":0,"comment_status":"closed","ping_status":"closed","template":"","meta":{"_seopress_robots_primary_cat":"","_seopress_titles_title":"","_seopress_titles_desc":"","_seopress_robots_index":"","_gspb_post_css":"","footnotes":""},"class_list":["post-103","page","type-page","status-publish","hentry"],"_links":{"self":[{"href":"https:\/\/ldpbwebdesigner.com\/index.php\/wp-json\/wp\/v2\/pages\/103","targetHints":{"allow":["GET"]}}],"collection":[{"href":"https:\/\/ldpbwebdesigner.com\/index.php\/wp-json\/wp\/v2\/pages"}],"about":[{"href":"https:\/\/ldpbwebdesigner.com\/index.php\/wp-json\/wp\/v2\/types\/page"}],"author":[{"embeddable":true,"href":"https:\/\/ldpbwebdesigner.com\/index.php\/wp-json\/wp\/v2\/users\/1"}],"replies":[{"embeddable":true,"href":"https:\/\/ldpbwebdesigner.com\/index.php\/wp-json\/wp\/v2\/comments?post=103"}],"version-history":[{"count":13,"href":"https:\/\/ldpbwebdesigner.com\/index.php\/wp-json\/wp\/v2\/pages\/103\/revisions"}],"predecessor-version":[{"id":256,"href":"https:\/\/ldpbwebdesigner.com\/index.php\/wp-json\/wp\/v2\/pages\/103\/revisions\/256"}],"wp:attachment":[{"href":"https:\/\/ldpbwebdesigner.com\/index.php\/wp-json\/wp\/v2\/media?parent=103"}],"curies":[{"name":"wp","href":"https:\/\/api.w.org\/{rel}","templated":true}]}}