{"id":91,"date":"2024-07-10T08:44:22","date_gmt":"2024-07-10T08:44:22","guid":{"rendered":"https:\/\/ldpbwebdesigner.com\/?page_id=91"},"modified":"2024-07-10T15:34:48","modified_gmt":"2024-07-10T15:34:48","slug":"a-propos","status":"publish","type":"page","link":"https:\/\/ldpbwebdesigner.com\/index.php\/a-propos\/","title":{"rendered":"A propos"},"content":{"rendered":"\t\t<div data-elementor-type=\"wp-page\" data-elementor-id=\"91\" class=\"elementor elementor-91\" data-elementor-post-type=\"page\">\n\t\t\t\t<div class=\"elementor-element elementor-element-e8e6d30 e-flex e-con-boxed e-con e-parent\" data-id=\"e8e6d30\" data-element_type=\"container\" data-settings=\"{&quot;background_background&quot;:&quot;classic&quot;}\">\n\t\t\t\t\t<div class=\"e-con-inner\">\n\t\t\t\t<div class=\"elementor-element elementor-element-0161faa elementor-widget elementor-widget-heading\" data-id=\"0161faa\" data-element_type=\"widget\" data-widget_type=\"heading.default\">\n\t\t\t\t<div class=\"elementor-widget-container\">\n\t\t\t\t\t<h2 class=\"elementor-heading-title elementor-size-default\">Qui sommes nous ?<\/h2>\t\t\t\t<\/div>\n\t\t\t\t<\/div>\n\t\t\t\t\t<\/div>\n\t\t\t\t<\/div>\n\t\t<div class=\"elementor-element elementor-element-5b0b1a5 e-flex e-con-boxed e-con e-parent\" data-id=\"5b0b1a5\" data-element_type=\"container\">\n\t\t\t\t\t<div class=\"e-con-inner\">\n\t\t\t\t<div class=\"elementor-element elementor-element-d4f8eb4 elementor-widget elementor-widget-text-editor\" data-id=\"d4f8eb4\" data-element_type=\"widget\" data-widget_type=\"text-editor.default\">\n\t\t\t\t<div class=\"elementor-widget-container\">\n\t\t\t\t\t\t\t\t\t<h2>\u00a0<\/h2><h2 class=\"whitespace-pre-wrap break-words\" style=\"text-align: center;\"><span style=\"text-decoration: underline;\">Notre mission<\/span><\/h2><p class=\"whitespace-pre-wrap break-words\" style=\"text-align: center;\">Chez LDPB, nous sommes passionn\u00e9s par la <strong>transformation digitale<\/strong> et le potentiel qu&rsquo;elle offre aux <strong>entrepreneurs et particuliers<\/strong>. Notre mission est de vous donner les outils, les connaissances et le soutien n\u00e9cessaires pour <strong>r\u00e9ussir dans l&rsquo;\u00e9conomie num\u00e9rique d&rsquo;aujourd&rsquo;hui<\/strong>.<\/p><p class=\"whitespace-pre-wrap break-words\">\u00a0<\/p><h2 class=\"whitespace-pre-wrap break-words\" style=\"text-align: center;\"><span style=\"text-decoration: underline;\">Notre expertise<\/span><\/h2><p class=\"whitespace-pre-wrap break-words\" style=\"text-align: center;\">Fort de <strong>10 ans d&rsquo;exp\u00e9rience<\/strong>, notre agence r\u00e9unit une \u00e9quipe d&rsquo;experts en <strong>webdesign, SEO, marketing digital, intelligence artificielle et affiliation<\/strong>. Forts de notre exp\u00e9rience aupr\u00e8s de plus de <strong>150 clients satisfaits<\/strong>, nous comprenons les d\u00e9fis uniques auxquels font face les entrepreneurs en ligne.<\/p><p class=\"whitespace-pre-wrap break-words\">\u00a0<\/p><h2 class=\"whitespace-pre-wrap break-words\" style=\"text-align: center;\"><span style=\"text-decoration: underline;\">Notre approche<\/span><\/h2><p class=\"whitespace-pre-wrap break-words\" style=\"text-align: center;\">Nous croyons en une approche <strong>personnalis\u00e9e et pratique<\/strong>. Chaque client est <strong>unique<\/strong>, c&rsquo;est pourquoi nous adaptons nos services et formations \u00e0 vos <strong>besoins sp\u00e9cifiques<\/strong>.<\/p><p class=\"whitespace-pre-wrap break-words\">Notre m\u00e9thode combine :<\/p><ol class=\"-mt-1 list-decimal space-y-2 pl-8\"><li><strong>Une conception Web moderne et dynamique adapt\u00e9e \u00e0 vos besoins<\/strong><\/li><li class=\"whitespace-normal break-words\"><strong>Des formations intensives et \u00e0 jour avec un suivi hebdomadaire<\/strong><\/li><li class=\"whitespace-normal break-words\"><strong>Un coaching personnalis\u00e9 \u00e0 chaque business<\/strong><\/li><li class=\"whitespace-normal break-words\"><strong>Votre demande est notre mission<\/strong><\/li><\/ol><div>\u00a0<\/div><h2 class=\"whitespace-pre-wrap break-words\" style=\"text-align: center;\"><span style=\"text-decoration: underline;\">Notre engagement<\/span><\/h2><p class=\"whitespace-pre-wrap break-words\" style=\"text-align: center;\"><strong>Votre r\u00e9ussite est notre priorit\u00e9. <\/strong><\/p><p class=\"whitespace-pre-wrap break-words\">Nous nous engageons \u00e0 :<\/p><ul class=\"-mt-1 list-disc space-y-2 pl-8\"><li class=\"whitespace-normal break-words\"><strong>Rester \u00e0 la pointe des derni\u00e8res tendances digitales<\/strong><\/li><li class=\"whitespace-normal break-words\"><strong>Fournir un soutien de qualit\u00e9 \u00e0 chaque \u00e9tape de votre parcours<\/strong><\/li><li class=\"whitespace-normal break-words\"><strong>Vous aider \u00e0 atteindre votre ind\u00e9pendance financi\u00e8re en ligne<\/strong><\/li><\/ul><div>\u00a0<\/div><h2 class=\"whitespace-pre-wrap break-words\" style=\"text-align: center;\"><span style=\"text-decoration: underline;\">L&rsquo;\u00e9quipe<\/span><\/h2><p class=\"whitespace-pre-wrap break-words\" style=\"text-align: center;\"><strong>Chaque domaine de prestation est repr\u00e9sent\u00e9 par un expert en la mati\u00e8re.<\/strong><\/p><p class=\"whitespace-pre-wrap break-words\" style=\"text-align: center;\">Rejoignez la communaut\u00e9 LDPB<\/p><p class=\"whitespace-pre-wrap break-words\">En choisissant de travailler avec nous, vous ne gagnez pas seulement un prestataire, mais un partenaire d\u00e9vou\u00e9 \u00e0 votre succ\u00e8s. Rejoignez les nombreux entrepreneurs qui ont d\u00e9j\u00e0 transform\u00e9 leur pr\u00e9sence en ligne et g\u00e9n\u00e9r\u00e9 des revenus durables gr\u00e2ce \u00e0 nos services.<\/p><p class=\"whitespace-pre-wrap break-words\">\u00a0<\/p><h2 class=\"whitespace-pre-wrap break-words\" style=\"text-align: center;\"><span style=\"text-decoration: underline;\">Pr\u00eat \u00e0 commencer votre voyage vers le succ\u00e8s digital ?<\/span><\/h2><p>\u00a0<\/p>\t\t\t\t\t\t\t\t<\/div>\n\t\t\t\t<\/div>\n\t\t\t\t\t<\/div>\n\t\t\t\t<\/div>\n\t\t<div class=\"elementor-element elementor-element-31b9203 e-flex e-con-boxed e-con e-parent\" data-id=\"31b9203\" data-element_type=\"container\" data-settings=\"{&quot;background_background&quot;:&quot;classic&quot;}\">\n\t\t\t\t\t<div class=\"e-con-inner\">\n\t\t\t\t<div class=\"elementor-element elementor-element-635786a elementor-widget elementor-widget-heading\" data-id=\"635786a\" data-element_type=\"widget\" data-widget_type=\"heading.default\">\n\t\t\t\t<div class=\"elementor-widget-container\">\n\t\t\t\t\t<h1 class=\"elementor-heading-title elementor-size-default\">Contactez-nous d\u00e8s aujourd'hui et formulez votre demande de devis.<\/h1>\t\t\t\t<\/div>\n\t\t\t\t<\/div>\n\t\t\t\t\t<\/div>\n\t\t\t\t<\/div>\n\t\t<div class=\"elementor-element elementor-element-614117f e-flex e-con-boxed e-con e-parent\" data-id=\"614117f\" data-element_type=\"container\">\n\t\t\t\t\t<div class=\"e-con-inner\">\n\t\t\t\t<div class=\"elementor-element elementor-element-8e3177d elementor-widget elementor-widget-wpforms\" data-id=\"8e3177d\" data-element_type=\"widget\" data-widget_type=\"wpforms.default\">\n\t\t\t\t<div class=\"elementor-widget-container\">\n\t\t\t\t\t<style id=\"wpforms-css-vars-root\">\n\t\t\t\t:root {\n\t\t\t\t\t--wpforms-field-border-radius: 3px;\n--wpforms-field-border-style: solid;\n--wpforms-field-border-size: 1px;\n--wpforms-field-background-color: #ffffff;\n--wpforms-field-border-color: rgba( 0, 0, 0, 0.25 );\n--wpforms-field-border-color-spare: rgba( 0, 0, 0, 0.25 );\n--wpforms-field-text-color: rgba( 0, 0, 0, 0.7 );\n--wpforms-field-menu-color: #ffffff;\n--wpforms-label-color: rgba( 0, 0, 0, 0.85 );\n--wpforms-label-sublabel-color: rgba( 0, 0, 0, 0.55 );\n--wpforms-label-error-color: #d63637;\n--wpforms-button-border-radius: 3px;\n--wpforms-button-border-style: none;\n--wpforms-button-border-size: 1px;\n--wpforms-button-background-color: #066aab;\n--wpforms-button-border-color: #066aab;\n--wpforms-button-text-color: #ffffff;\n--wpforms-page-break-color: #066aab;\n--wpforms-background-image: none;\n--wpforms-background-position: center center;\n--wpforms-background-repeat: no-repeat;\n--wpforms-background-size: cover;\n--wpforms-background-width: 100px;\n--wpforms-background-height: 100px;\n--wpforms-background-color: rgba( 0, 0, 0, 0 );\n--wpforms-background-url: none;\n--wpforms-container-padding: 0px;\n--wpforms-container-border-style: none;\n--wpforms-container-border-width: 1px;\n--wpforms-container-border-color: #000000;\n--wpforms-container-border-radius: 3px;\n--wpforms-field-size-input-height: 43px;\n--wpforms-field-size-input-spacing: 15px;\n--wpforms-field-size-font-size: 16px;\n--wpforms-field-size-line-height: 19px;\n--wpforms-field-size-padding-h: 14px;\n--wpforms-field-size-checkbox-size: 16px;\n--wpforms-field-size-sublabel-spacing: 5px;\n--wpforms-field-size-icon-size: 1;\n--wpforms-label-size-font-size: 16px;\n--wpforms-label-size-line-height: 19px;\n--wpforms-label-size-sublabel-font-size: 14px;\n--wpforms-label-size-sublabel-line-height: 17px;\n--wpforms-button-size-font-size: 17px;\n--wpforms-button-size-height: 41px;\n--wpforms-button-size-padding-h: 15px;\n--wpforms-button-size-margin-top: 10px;\n--wpforms-container-shadow-size-box-shadow: none;\n\n\t\t\t\t}\n\t\t\t<\/style><style id=\"wpforms-css-vars-elementor-widget-8e3177d\">\n\t\t\t\t.elementor-widget-wpforms.elementor-element-8e3177d {\n\t\t\t\t\t--wpforms-field-size-input-height: 43px;\n--wpforms-field-size-input-spacing: 15px;\n--wpforms-field-size-font-size: 16px;\n--wpforms-field-size-line-height: 19px;\n--wpforms-field-size-padding-h: 14px;\n--wpforms-field-size-checkbox-size: 16px;\n--wpforms-field-size-sublabel-spacing: 5px;\n--wpforms-field-size-icon-size: 1;\n--wpforms-label-size-font-size: 16px;\n--wpforms-label-size-line-height: 19px;\n--wpforms-label-size-sublabel-font-size: 14px;\n--wpforms-label-size-sublabel-line-height: 17px;\n--wpforms-button-size-font-size: 17px;\n--wpforms-button-size-height: 41px;\n--wpforms-button-size-padding-h: 15px;\n--wpforms-button-size-margin-top: 10px;\n\n\t\t\t\t}\n\t\t\t<\/style><div class=\"wpforms-container wpforms-container-full wpforms-render-modern\" id=\"wpforms-158\"><form id=\"wpforms-form-158\" class=\"wpforms-validate wpforms-form wpforms-ajax-form\" data-formid=\"158\" method=\"post\" enctype=\"multipart\/form-data\" action=\"\/index.php\/wp-json\/wp\/v2\/pages\/91\" data-token=\"901782f2b2c0fb810ad49740aa484ec5\" data-token-time=\"1776003588\"><noscript class=\"wpforms-error-noscript\">Veuillez activer JavaScript dans votre navigateur pour remplir ce formulaire.<\/noscript><div class=\"wpforms-hidden\" id=\"wpforms-error-noscript\">Veuillez activer JavaScript dans votre navigateur pour remplir ce formulaire.<\/div><div class=\"wpforms-field-container\"><div id=\"wpforms-158-field_0-container\" class=\"wpforms-field wpforms-field-name\" data-field-id=\"0\"><fieldset><legend class=\"wpforms-field-label\">Nom <span class=\"wpforms-required-label\" aria-hidden=\"true\">*<\/span><\/legend><div class=\"wpforms-field-row wpforms-field-medium\"><div class=\"wpforms-field-row-block wpforms-first wpforms-one-half\"><input type=\"text\" id=\"wpforms-158-field_0\" class=\"wpforms-field-name-first wpforms-field-required\" name=\"wpforms[fields][0][first]\" aria-errormessage=\"wpforms-158-field_0-error\" required><label for=\"wpforms-158-field_0\" class=\"wpforms-field-sublabel after\">Pr\u00e9nom<\/label><\/div><div class=\"wpforms-field-row-block wpforms-one-half\"><input type=\"text\" id=\"wpforms-158-field_0-last\" class=\"wpforms-field-name-last wpforms-field-required\" name=\"wpforms[fields][0][last]\" aria-errormessage=\"wpforms-158-field_0-last-error\" required><label for=\"wpforms-158-field_0-last\" class=\"wpforms-field-sublabel after\">Nom<\/label><\/div><\/div><\/fieldset><\/div><div id=\"wpforms-158-field_4-container\" class=\"wpforms-field wpforms-field-phone\" data-field-id=\"4\"><label class=\"wpforms-field-label\" for=\"wpforms-158-field_4\">T\u00e9l\u00e9phone<\/label><input type=\"tel\" id=\"wpforms-158-field_4\" class=\"wpforms-field-medium wpforms-smart-phone-field\" data-rule-smart-phone-field=\"true\" name=\"wpforms[fields][4]\" aria-errormessage=\"wpforms-158-field_4-error\" ><\/div><div id=\"wpforms-158-field_1-container\" class=\"wpforms-field wpforms-field-email\" data-field-id=\"1\"><label class=\"wpforms-field-label\" for=\"wpforms-158-field_1\">E-mail <span class=\"wpforms-required-label\" aria-hidden=\"true\">*<\/span><\/label><input type=\"email\" id=\"wpforms-158-field_1\" class=\"wpforms-field-medium wpforms-field-required\" name=\"wpforms[fields][1]\" spellcheck=\"false\" aria-errormessage=\"wpforms-158-field_1-error\" required><\/div><div id=\"wpforms-158-field_3-container\" class=\"wpforms-field wpforms-field-radio\" data-field-id=\"3\"><fieldset><legend class=\"wpforms-field-label\">Votre demande concerne: <span class=\"wpforms-required-label\" aria-hidden=\"true\">*<\/span><\/legend><ul id=\"wpforms-158-field_3\" class=\"wpforms-field-required\"><li class=\"choice-2 depth-1\"><input type=\"radio\" id=\"wpforms-158-field_3_2\" name=\"wpforms[fields][3]\" value=\"Formations\" aria-errormessage=\"wpforms-158-field_3_2-error\" required ><label class=\"wpforms-field-label-inline\" for=\"wpforms-158-field_3_2\">Formations<\/label><\/li><li class=\"choice-5 depth-1\"><input type=\"radio\" id=\"wpforms-158-field_3_5\" name=\"wpforms[fields][3]\" value=\"Prestations\" aria-errormessage=\"wpforms-158-field_3_5-error\" required ><label class=\"wpforms-field-label-inline\" for=\"wpforms-158-field_3_5\">Prestations<\/label><\/li><li class=\"choice-3 depth-1\"><input type=\"radio\" id=\"wpforms-158-field_3_3\" name=\"wpforms[fields][3]\" value=\"Coaching\" aria-errormessage=\"wpforms-158-field_3_3-error\" required ><label class=\"wpforms-field-label-inline\" for=\"wpforms-158-field_3_3\">Coaching<\/label><\/li><li class=\"choice-6 depth-1\"><input type=\"radio\" id=\"wpforms-158-field_3_6\" name=\"wpforms[fields][3]\" value=\"Partenariat\" aria-errormessage=\"wpforms-158-field_3_6-error\" required ><label class=\"wpforms-field-label-inline\" for=\"wpforms-158-field_3_6\">Partenariat<\/label><\/li><\/ul><\/fieldset><\/div><div id=\"wpforms-158-field_2-container\" class=\"wpforms-field wpforms-field-textarea\" data-field-id=\"2\"><label class=\"wpforms-field-label\" for=\"wpforms-158-field_2\">Commentaire ou message<\/label><textarea id=\"wpforms-158-field_2\" class=\"wpforms-field-medium\" name=\"wpforms[fields][2]\" aria-errormessage=\"wpforms-158-field_2-error\" ><\/textarea><\/div><\/div><!-- .wpforms-field-container --><div class=\"wpforms-submit-container\" ><input type=\"hidden\" name=\"wpforms[id]\" value=\"158\"><input type=\"hidden\" name=\"page_title\" value=\"\"><input type=\"hidden\" name=\"page_url\" value=\"https:\/\/ldpbwebdesigner.com\/index.php\/wp-json\/wp\/v2\/pages\/91\"><button type=\"submit\" name=\"wpforms[submit]\" id=\"wpforms-submit-158\" class=\"wpforms-submit\" data-alt-text=\"Envoi...\" data-submit-text=\"Envoyer\" aria-live=\"assertive\" value=\"wpforms-submit\">Envoyer<\/button><img decoding=\"async\" src=\"https:\/\/ldpbwebdesigner.com\/wp-content\/plugins\/wpforms\/assets\/images\/submit-spin.svg\" class=\"wpforms-submit-spinner\" style=\"display: none;\" width=\"26\" height=\"26\" alt=\"Chargement en cours\"><\/div><\/form><\/div>  <!-- .wpforms-container -->\t\t\t\t<\/div>\n\t\t\t\t<\/div>\n\t\t\t\t\t<\/div>\n\t\t\t\t<\/div>\n\t\t<div class=\"elementor-element elementor-element-5a976ce e-flex e-con-boxed e-con e-parent\" data-id=\"5a976ce\" data-element_type=\"container\" data-settings=\"{&quot;background_background&quot;:&quot;classic&quot;}\">\n\t\t\t\t\t<div class=\"e-con-inner\">\n\t\t\t\t<div class=\"elementor-element elementor-element-c4fb20e elementor-widget elementor-widget-heading\" data-id=\"c4fb20e\" data-element_type=\"widget\" data-widget_type=\"heading.default\">\n\t\t\t\t<div class=\"elementor-widget-container\">\n\t\t\t\t\t<h2 class=\"elementor-heading-title elementor-size-default\">Notre \u00e9quipe s'efforcera de vous r\u00e9pondre rapidement.<\/h2>\t\t\t\t<\/div>\n\t\t\t\t<\/div>\n\t\t\t\t\t<\/div>\n\t\t\t\t<\/div>\n\t\t\t\t<\/div>\n\t\t","protected":false},"excerpt":{"rendered":"<p>Qui sommes nous ? \u00a0 Notre mission Chez LDPB, nous sommes passionn\u00e9s par la transformation digitale et le potentiel qu&rsquo;elle offre aux entrepreneurs et particuliers. Notre mission est de vous donner les outils, les connaissances et le soutien n\u00e9cessaires pour r\u00e9ussir dans l&rsquo;\u00e9conomie num\u00e9rique d&rsquo;aujourd&rsquo;hui. \u00a0 Notre expertise Fort de 10 ans d&rsquo;exp\u00e9rience, notre agence [&hellip;]<\/p>\n","protected":false},"author":1,"featured_media":0,"parent":0,"menu_order":0,"comment_status":"closed","ping_status":"closed","template":"","meta":{"_seopress_robots_primary_cat":"","_seopress_titles_title":"","_seopress_titles_desc":"","_seopress_robots_index":"","_gspb_post_css":"","footnotes":""},"class_list":["post-91","page","type-page","status-publish","hentry"],"_links":{"self":[{"href":"https:\/\/ldpbwebdesigner.com\/index.php\/wp-json\/wp\/v2\/pages\/91","targetHints":{"allow":["GET"]}}],"collection":[{"href":"https:\/\/ldpbwebdesigner.com\/index.php\/wp-json\/wp\/v2\/pages"}],"about":[{"href":"https:\/\/ldpbwebdesigner.com\/index.php\/wp-json\/wp\/v2\/types\/page"}],"author":[{"embeddable":true,"href":"https:\/\/ldpbwebdesigner.com\/index.php\/wp-json\/wp\/v2\/users\/1"}],"replies":[{"embeddable":true,"href":"https:\/\/ldpbwebdesigner.com\/index.php\/wp-json\/wp\/v2\/comments?post=91"}],"version-history":[{"count":19,"href":"https:\/\/ldpbwebdesigner.com\/index.php\/wp-json\/wp\/v2\/pages\/91\/revisions"}],"predecessor-version":[{"id":209,"href":"https:\/\/ldpbwebdesigner.com\/index.php\/wp-json\/wp\/v2\/pages\/91\/revisions\/209"}],"wp:attachment":[{"href":"https:\/\/ldpbwebdesigner.com\/index.php\/wp-json\/wp\/v2\/media?parent=91"}],"curies":[{"name":"wp","href":"https:\/\/api.w.org\/{rel}","templated":true}]}}