{"id":97,"date":"2024-07-10T08:53:45","date_gmt":"2024-07-10T08:53:45","guid":{"rendered":"https:\/\/ldpbwebdesigner.com\/?page_id=97"},"modified":"2024-07-10T19:29:48","modified_gmt":"2024-07-10T19:29:48","slug":"prestations-seo","status":"publish","type":"page","link":"https:\/\/ldpbwebdesigner.com\/index.php\/prestations-seo\/","title":{"rendered":"Prestations SEO"},"content":{"rendered":"\t\t<div data-elementor-type=\"wp-page\" data-elementor-id=\"97\" class=\"elementor elementor-97\" data-elementor-post-type=\"page\">\n\t\t\t\t<div class=\"elementor-element elementor-element-5903819 e-flex e-con-boxed e-con e-parent\" data-id=\"5903819\" data-element_type=\"container\" data-settings=\"{&quot;background_background&quot;:&quot;classic&quot;}\">\n\t\t\t\t\t<div class=\"e-con-inner\">\n\t\t\t\t<div class=\"elementor-element elementor-element-fcb9e97 elementor-widget elementor-widget-heading\" data-id=\"fcb9e97\" data-element_type=\"widget\" data-widget_type=\"heading.default\">\n\t\t\t\t<div class=\"elementor-widget-container\">\n\t\t\t\t\t<h2 class=\"elementor-heading-title elementor-size-default\">Nos prestations SEO<\/h2>\t\t\t\t<\/div>\n\t\t\t\t<\/div>\n\t\t\t\t\t<\/div>\n\t\t\t\t<\/div>\n\t\t<div class=\"elementor-element elementor-element-b948030 e-flex e-con-boxed e-con e-parent\" data-id=\"b948030\" data-element_type=\"container\">\n\t\t\t\t\t<div class=\"e-con-inner\">\n\t\t\t\t<div class=\"elementor-element elementor-element-b5dd19e elementor-widget elementor-widget-text-editor\" data-id=\"b5dd19e\" data-element_type=\"widget\" data-widget_type=\"text-editor.default\">\n\t\t\t\t<div class=\"elementor-widget-container\">\n\t\t\t\t\t\t\t\t\t<h2>\u00a0<\/h2><h2 class=\"whitespace-pre-wrap break-words\" style=\"text-align: center;\">Nos services SEO (Search Engine Optimization) visent \u00e0 am\u00e9liorer durablement la visibilit\u00e9 de votre site web dans les r\u00e9sultats de recherche organiques. Notre approche holistique combine techniques on-page, off-page et expertise technique pour des r\u00e9sultats durables.<\/h2><p class=\"whitespace-pre-wrap break-words\"><strong>Prestations SEO et leurs avantages :<\/strong><\/p><ol class=\"-mt-1 list-decimal space-y-2 pl-8\"><li class=\"whitespace-normal break-words\"><span style=\"text-decoration: underline;\">Audit SEO complet<\/span>: En moyenne, nos audits identifient <strong>20 \u00e0 30 points d&rsquo;am\u00e9lioration<\/strong> critiques pour le r\u00e9f\u00e9rencement.<\/li><li class=\"whitespace-normal break-words\"><span style=\"text-decoration: underline;\">Optimisation on-page<\/span>: L&rsquo;optimisation on-page am\u00e9liore g\u00e9n\u00e9ralement le classement des pages cibl\u00e9es de<strong> 5 \u00e0 10 positions<\/strong> sur les mots-cl\u00e9s principaux.<\/li><li class=\"whitespace-normal break-words\"><span style=\"text-decoration: underline;\">Optimisation technique<\/span>: La r\u00e9solution des probl\u00e8mes techniques augmente en moyenne le trafic organique<strong> de 10 \u00e0 15% sur 3 mois<\/strong>.<\/li><li class=\"whitespace-normal break-words\"><span style=\"text-decoration: underline;\">Cr\u00e9ation de contenu optimis\u00e9<\/span>: Le contenu optimis\u00e9 pour le SEO g\u00e9n\u00e8re typiquement <strong>30 \u00e0 50% de trafic organique suppl\u00e9mentaire<\/strong> par page.<\/li><li class=\"whitespace-normal break-words\"><span style=\"text-decoration: underline;\">Link building<\/span>: Une strat\u00e9gie de link building efficace am\u00e9liore en moyenne le <strong>Domain Authority de 2 \u00e0 4 points sur 6 mois<\/strong>.<\/li><li class=\"whitespace-normal break-words\"><span style=\"text-decoration: underline;\">Optimisation locale<\/span>: Pour les entreprises locales, l&rsquo;optimisation SEO locale augmente g\u00e9n\u00e9ralement les recherches \u00ab\u00a0<strong>near me\u00a0\u00bb de 20 \u00e0 30%<\/strong>.<\/li><li class=\"whitespace-normal break-words\"><span style=\"text-decoration: underline;\">Analyse des mots-cl\u00e9s<\/span>: Une analyse approfondie des mots-cl\u00e9s permet d&rsquo;identifier en moyenne <strong>15 \u00e0 20 nouvelles opportunit\u00e9s<\/strong> de ciblage pertinentes.<\/li><li class=\"whitespace-normal break-words\"><span style=\"text-decoration: underline;\">Suivi et rapports de performance<\/span>: Le suivi r\u00e9gulier permet d&rsquo;identifier des opportunit\u00e9s d&rsquo;am\u00e9lioration qui <strong>augmentent le trafic organique de 5 \u00e0 10% trimestriellement<\/strong>.<\/li><li class=\"whitespace-normal break-words\"><span style=\"text-decoration: underline;\">Optimisation pour la recherche vocale<\/span>: L&rsquo;optimisation pour la recherche vocale peut <strong>augmenter le trafic issu de ces requ\u00eates de 10 \u00e0 15%<\/strong>.<\/li><li class=\"whitespace-normal break-words\"><span style=\"text-decoration: underline;\">Formation SEO<\/span>: Nos formations permettent g\u00e9n\u00e9ralement aux \u00e9quipes internes d&rsquo;<strong>am\u00e9liorer l&rsquo;efficacit\u00e9 de leurs actions SEO de 20 \u00e0 30%<\/strong>.<\/li><\/ol>\t\t\t\t\t\t\t\t<\/div>\n\t\t\t\t<\/div>\n\t\t\t\t\t<\/div>\n\t\t\t\t<\/div>\n\t\t<div class=\"elementor-element elementor-element-f3e346e e-flex e-con-boxed e-con e-parent\" data-id=\"f3e346e\" data-element_type=\"container\" data-settings=\"{&quot;background_background&quot;:&quot;classic&quot;}\">\n\t\t\t\t\t<div class=\"e-con-inner\">\n\t\t\t\t<div class=\"elementor-element elementor-element-6950744 elementor-widget elementor-widget-text-editor\" data-id=\"6950744\" data-element_type=\"widget\" data-widget_type=\"text-editor.default\">\n\t\t\t\t<div class=\"elementor-widget-container\">\n\t\t\t\t\t\t\t\t\t<p style=\"text-align: center;\">\u00ab\u00a0Ces chiffres repr\u00e9sentent des moyennes observ\u00e9es chez nos clients sur une p\u00e9riode de 6 \u00e0 12 mois. Les r\u00e9sultats peuvent varier en fonction de votre secteur d&rsquo;activit\u00e9, de la concurrence, et de l&rsquo;\u00e9tat initial de votre site. Le SEO est un processus \u00e0 long terme, et nous nous engageons \u00e0 travailler en \u00e9troite collaboration avec vous pour atteindre vos objectifs de visibilit\u00e9 en ligne.\u00a0\u00bb<\/p>\t\t\t\t\t\t\t\t<\/div>\n\t\t\t\t<\/div>\n\t\t\t\t\t<\/div>\n\t\t\t\t<\/div>\n\t\t\t\t<\/div>\n\t\t","protected":false},"excerpt":{"rendered":"<p>Nos prestations SEO \u00a0 Nos services SEO (Search Engine Optimization) visent \u00e0 am\u00e9liorer durablement la visibilit\u00e9 de votre site web dans les r\u00e9sultats de recherche organiques. Notre approche holistique combine techniques on-page, off-page et expertise technique pour des r\u00e9sultats durables. Prestations SEO et leurs avantages : Audit SEO complet: En moyenne, nos audits identifient 20 [&hellip;]<\/p>\n","protected":false},"author":1,"featured_media":0,"parent":0,"menu_order":0,"comment_status":"closed","ping_status":"closed","template":"","meta":{"_seopress_robots_primary_cat":"","_seopress_titles_title":"","_seopress_titles_desc":"","_seopress_robots_index":"","_gspb_post_css":"","footnotes":""},"class_list":["post-97","page","type-page","status-publish","hentry"],"_links":{"self":[{"href":"https:\/\/ldpbwebdesigner.com\/index.php\/wp-json\/wp\/v2\/pages\/97","targetHints":{"allow":["GET"]}}],"collection":[{"href":"https:\/\/ldpbwebdesigner.com\/index.php\/wp-json\/wp\/v2\/pages"}],"about":[{"href":"https:\/\/ldpbwebdesigner.com\/index.php\/wp-json\/wp\/v2\/types\/page"}],"author":[{"embeddable":true,"href":"https:\/\/ldpbwebdesigner.com\/index.php\/wp-json\/wp\/v2\/users\/1"}],"replies":[{"embeddable":true,"href":"https:\/\/ldpbwebdesigner.com\/index.php\/wp-json\/wp\/v2\/comments?post=97"}],"version-history":[{"count":10,"href":"https:\/\/ldpbwebdesigner.com\/index.php\/wp-json\/wp\/v2\/pages\/97\/revisions"}],"predecessor-version":[{"id":234,"href":"https:\/\/ldpbwebdesigner.com\/index.php\/wp-json\/wp\/v2\/pages\/97\/revisions\/234"}],"wp:attachment":[{"href":"https:\/\/ldpbwebdesigner.com\/index.php\/wp-json\/wp\/v2\/media?parent=97"}],"curies":[{"name":"wp","href":"https:\/\/api.w.org\/{rel}","templated":true}]}}